- 1. Let l be a(-5). Let f = l + 15. Suppose 0 = 2*m - f - 10. What is the units digit of m?
7
What is the units digit of (10/4 + -3)*-50?
5
Suppose 2*g - 29 - 81 = 5*v, 110 = 2*g - 3*v. What is the units digit of g?
5
Let t(c) = -2*c + 21. Let h be t(9). Let l(o) = -o**2 - 6*o - 3. Let d be l(-5). Suppose 8 - d = h*v. What is the units digit of v?
2
Let v(s) = -s**2 + 12*s - 3. What is the units digit of v(11)?
8
What is the units digit of 74 + (-1)/(-2)*2?
5
Let a(p) = -p**2 - 6*p + 8. Let r = -20 - -32. Suppose 2 + r = -2*i. What is the units digit of a(i)?
1
Let t = 31 - 23. What is the units digit of t?
8
Suppose q + 3*q = 184. Let c be q/11 + 6/(-33). Suppose 0 = j + c*j - 80. What is the tens digit of j?
1
Let d(n) = 3*n**2 + 3*n + 3. Let z be -5*(9/15 - 1). Let h be z/(-2) + 0 - 1. What is the units digit of d(h)?
9
Let y = 9 + -6. Suppose 2*n = -h - 3, 0 = h + 2*h - n + 2. Let b = h + y. What is the units digit of b?
2
Let w(v) = -3*v**3 - v. Let g(x) = -x + 1. Let i be g(2). What is the units digit of w(i)?
4
Let o be (110/(-8))/(-5)*-4. Let y(q) = q**3 + 5*q**2 - 6*q - 7. Let z be y(-5). Let r = z + o. What is the units digit of r?
2
Suppose 0 = 5*g - 2*l + 33, -7*g + 2*g - 32 = -3*l. Let u = 10 + g. What is the units digit of u?
3
Let s(j) = j**3 - 7*j**2 + 8*j - 8. Let v be s(6). Suppose -v*h = -h - 33. What is the units digit of h?
1
Let q = -10 + 13. What is the units digit of q?
3
Suppose 4*d - t = 89, 7*d - 3*d - 5*t - 77 = 0. What is the units digit of d?
3
Suppose 4*b = 3*b + 1. Suppose x - 7 = b. Suppose 40 = x*g - 3*g. What is the units digit of g?
8
Let a(b) = b**3 - 4*b**2 + 6*b - 2. Let v be 1 - 9/(-4 + 1). What is the units digit of a(v)?
2
Let n(j) = -10*j**3 + 2*j**2 - j. Let c be n(1). Let z(q) = -q**2 - 11*q - 12. Let g be z(c). Suppose 3*l = -g - 0, -l + 16 = 3*o. What is the units digit of o?
6
Let h(o) = o + 1. Let d be h(5). Suppose -2*n = x - 77, d*x + 176 = 5*n + 3*x. What is the tens digit of n?
3
Let p = 4 - 4. Let t be (2/(-2) - p) + -3. What is the tens digit of -22*(-2 + (-6)/t)?
1
What is the tens digit of (-10)/(-3*(-2)/(-21))?
3
Suppose 5*b - 2*i - 216 - 282 = 0, -5*i = 3*b - 305. What is the units digit of b?
0
Let s be (8 - 2)/2 + -1. Suppose -b - s*b - l + 3 = 0, -l - 13 = -5*b. Suppose 2*h = 2*n - 2, 14 + 26 = 5*n + b*h. What is the units digit of n?
6
What is the units digit of (5/3)/(3/36)?
0
Let p = -15 + 1. What is the units digit of (-132)/(-21) + 4/p?
6
Let w = 3 - 1. Let s be w/(1/6*3). What is the units digit of s/(-6)*(-10 + 1)?
6
Let l(i) = -i**2 + 4*i + 1. Let m be l(3). Suppose -16 = -3*c - m. Suppose -2*s = 3*p - 19, s + 32 = c*p + 5*s. What is the units digit of p?
3
Let z(u) = -u**2 + 4*u + 2. Let w be z(4). What is the units digit of 88/32 - w/(-8)?
3
Let s be 1/(-4) + (-12)/16. Let y(h) = 16*h**2 + 2*h + 1. What is the units digit of y(s)?
5
Let f = 6 - 4. Suppose -f*m + 24 = -52. Suppose 2*w - 4*n = w + 4, 2*w = -2*n + m. What is the tens digit of w?
1
Let p(r) = -5*r - 3. Let b be p(-2). Let c(o) = o**3 - 6*o**2 - 3*o - 6. Let k be c(b). Suppose -5*g + k = 2. What is the units digit of g?
4
Let m(r) = r**3 - 4*r**2 + 6*r - 2. Suppose -2*k = 4, 0*h - 3*k - 2 = h. What is the tens digit of m(h)?
2
Suppose -2*i - 5*d + 629 = 0, i + 2*i = 2*d + 896. What is the units digit of i?
2
Let n(f) = 176*f**2 - 3*f - 2. What is the hundreds digit of n(-1)?
1
Suppose 3*w = 0, -q + 21 = -4*q + 4*w. Suppose 8 = 4*v - 3*h, -2*v + 2 - 16 = 3*h. Let m = v - q. What is the units digit of m?
6
Let u(o) = -4*o + 14. Let k(x) = -3*x + 13. Let a(m) = 5*k(m) - 4*u(m). Let g be a(-7). Let d(s) = -s**3 + 6*s**2 - 4*s + 3. What is the tens digit of d(g)?
1
What is the units digit of 22/2 + -2*(0 - -1)?
9
Let u(p) be the first derivative of -p**3/3 + 3*p**2 - 3*p - 3. Let z be u(6). Let l = -1 - z. What is the units digit of l?
2
Let c(a) = -2*a**2 + 2*a - 15. Let b be c(0). Let i(j) = -6*j - 10. Let q be i(-7). Let o = b + q. What is the tens digit of o?
1
Suppose -1 + 26 = 5*p. Suppose p*l - 23 = -0*l + x, -2*l - 1 = 3*x. What is the units digit of l?
4
Suppose -x = x - 52. Let h = x + -14. What is the tens digit of h?
1
Let p(a) = a**3 - a**2 - a + 1. Let x = 6 - 4. What is the units digit of p(x)?
3
Suppose 13*r - 18*r = -490. What is the units digit of r?
8
Suppose -5*f + 4*w + 395 = 0, 3*f - w = -2*w + 220. Suppose 5*g - f = -4*k, -k - 7 = -2*g + 2*k. What is the tens digit of g?
1
Suppose 0 = -2*g + 3 + 17. What is the tens digit of g?
1
What is the units digit of -1 - 4/(4/(-39))?
8
Let i(j) = j**3 + 14*j**2 - 15*j + 10. What is the tens digit of i(-15)?
1
Let z = -8 - -11. Let m = 6 - z. What is the units digit of m?
3
Suppose -f + 23 = -3. What is the units digit of f?
6
Let y be (0/((-1)/1))/(-3). Let s = y - -1. What is the units digit of s?
1
Let f(w) = -w**2 - 10*w - 9. Let o be f(-9). Let b be -1 + o + (2 - 4). Let p = 8 + b. What is the units digit of p?
5
Let d(f) = -2*f - 4. Let s be d(-6). What is the units digit of s/(-20) + 184/10?
8
Let f = -3 + 3. What is the units digit of (-2)/(f + -2)*11?
1
Let k be 8/28 + 136/14. Let j = k - 7. Suppose j*h + m = 40, -4*h + 46 = -2*m - 4. What is the units digit of h?
3
Suppose x = -5*m + 73, -2*m + 79 = 3*m + 3*x. Let u = 1 + m. What is the tens digit of u?
1
Let h(p) = p**2 - 7*p - 5. Let j(o) = -o - 1. Let w(g) = -h(g) + 6*j(g). Let z be w(0). Let c = z - -2. What is the units digit of c?
1
Suppose -p = 2*x - 4, p = 2*x - 3*x + 7. Let j be 4/p + (-92)/(-20). What is the units digit of (-27)/(-5) + (-2)/j?
5
Let w = -9 + 14. Suppose -w*r + 10*r = 155. What is the tens digit of r?
3
What is the units digit of 96 + (-2*(-9)/(-6))/1?
3
Let s(j) = -21*j - 1. What is the tens digit of s(-2)?
4
Let b(d) = 6*d. Let r be b(-2). Let m = 10 - r. What is the units digit of (-1)/(-2 - m/(-12))?
6
Suppose -5*l + 0*l + 5*s = 120, 2*l = -3*s - 33. Let y = l - -34. What is the tens digit of y?
1
Suppose 0 = -2*g + 5*g - 15. Suppose -7 = 4*r - g*r. What is the units digit of r?
7
Suppose 4*f - r - 1638 = -f, f + 2*r = 332. What is the units digit of f?
8
Let s(h) = 5*h**2 + 14*h + 8. Let b(o) be the second derivative of -o**4/12 - o**3/6 + 2*o. Let z(q) = -6*b(q) - s(q). What is the units digit of z(9)?
1
Suppose 12*i - 7*i - 180 = 0. What is the tens digit of i?
3
Suppose 2*q - 5 = 11. Let j(g) = -g**3 + 8*g**2 + 3*g - 11. What is the units digit of j(q)?
3
What is the tens digit of 62*3/6 - 1?
3
What is the units digit of (84 - 1)*(-1 + 2)?
3
Suppose t = 4*i + 43, i - 38 = 4*t - 210. Suppose -t = -d - 8. What is the tens digit of d?
3
Let a(s) = -3*s + 12. What is the units digit of a(-18)?
6
Suppose -h - 143 + 33 = -4*x, -2*h = -2*x + 58. What is the units digit of x?
7
Let d = -28 - -6. Let v = 13 - d. What is the tens digit of v?
3
Suppose 3*o - 10 = k, -4*k + 0*o - 24 = -4*o. Let w be k/8 + (-35)/(-2). Let r = w + -9. What is the units digit of r?
8
Suppose j = 5*l + 12, -6*j - 4*l = -j + 56. Let w = j + 11. What is the units digit of w?
3
Let m = 1 - -2. Suppose -q + m*q = 4. What is the units digit of q?
2
Let b = 4 + 10. Suppose -3*g = -b - 19. What is the tens digit of g?
1
Suppose -4*d + 0 = 2*y + 10, -4*d + 25 = -5*y. Suppose -5*x - 4 = -i + 4, i + 3*x - 24 = d. What is the units digit of i?
8
Let j(i) = i - 5. Let g be j(0). Let w be 144/(-14) - 8/(-28). What is the units digit of g/w*2*5?
5
Let t(j) = -j**2 + 8*j + 10. Let p(h) = h**2 - 7*h + 4. Let d be p(8). Let r = -4 + d. What is the tens digit of t(r)?
1
Suppose 4 - 5 = -c. Let u = 2 - c. What is the units digit of u?
1
Suppose -a - 2 + 4 = 0. Suppose a*s = -s + 6. Suppose -s*i + 0*i + 14 = 0. What is the units digit of i?
7
Suppose 0 = 2*y + s - 40, s + 3*s = 0. Let k be 10/4*(-24)/y. What is the units digit of (k - 0/(-1)) + 9?
6
Let v be ((-14)/4)/((-4)/(-8)). What is the units digit of v/1*(0 + -1)?
7
Let a be -10*(-3)/6*-8. Let b = a + 57. What is the tens digit of b?
1
Suppose -120 = -4*k + 2*u, 3*k + 8 = -2*u + 84. What is the tens digit of k?
2
Suppose -6 = 3*o, 21 - 3 = 2*l - 3*o. Let g(y) = -y**2 + 9*y - 9. What is the units digit of g(l)?
9
Let c(r) = 4*r. Suppose -3*s = -4*s + 3. Let o be (-1)/(s/18*-2). What is the units digit of c(o)?
2
Suppose 0 = n + 2*q - 2, -4*q - 9 = -q.